{"id":9,"date":"2023-05-27T21:23:39","date_gmt":"2023-05-27T21:23:39","guid":{"rendered":"https:\/\/shipcenter.com.ve\/ccs\/?page_id=9"},"modified":"2024-06-05T14:14:22","modified_gmt":"2024-06-05T14:14:22","slug":"inicio","status":"publish","type":"page","link":"https:\/\/shipcenter.com.ve\/ccs\/","title":{"rendered":"Inicio"},"content":{"rendered":"\n<div class=\"wp-block-cover alignfull is-light\" style=\"padding-top:0;padding-right:0;padding-bottom:0;padding-left:0;min-height:605px;aspect-ratio:unset;\"><span aria-hidden=\"true\" class=\"wp-block-cover__background has-cyan-bluish-gray-background-color has-background-dim-40 has-background-dim\"><\/span><div class=\"wp-block-cover__inner-container is-layout-flow wp-block-cover-is-layout-flow\">\n<div class=\"inherit-container-width wp-block-group alignwide is-layout-constrained wp-block-group-is-layout-constrained\">\n<div class=\"wp-block-media-text alignwide has-media-on-the-right is-stacked-on-mobile\" style=\"grid-template-columns:auto 70%\"><div class=\"wp-block-media-text__content\">\n<h1 class=\"wp-block-heading has-text-align-center has-vivid-red-color has-text-color\" style=\"font-size:38px;font-style:normal;font-weight:900;text-transform:none\">Env\u00edos nacionales e internacionales <\/h1>\n\n\n\n<p class=\"has-text-align-center has-ast-global-color-8-color has-text-color\">Somos 4 tiendas en Caracas, Venezuela <\/p>\n\n\n\n<div class=\"wp-block-buttons alignwide has-custom-font-size has-large-font-size is-content-justification-space-between is-layout-flex wp-container-core-buttons-is-layout-fe260184 wp-block-buttons-is-layout-flex\">\n<div class=\"wp-block-button has-custom-width wp-block-button__width-50 has-custom-font-size has-small-font-size\"><a class=\"wp-block-button__link has-ast-global-color-4-color has-vivid-red-background-color has-text-color has-background has-text-align-center wp-element-button\" href=\"https:\/\/shipcenter.com.ve\/ccs\/inscripcion-casillero\/?preview=true\" style=\"border-radius:54px;padding-top:1.1rem;padding-right:1.1rem;padding-bottom:1.1rem;padding-left:1.1rem\">Casillero Miami <\/a><\/div>\n\n\n\n<div class=\"wp-block-button has-custom-width wp-block-button__width-50 has-custom-font-size has-small-font-size\"><a class=\"wp-block-button__link has-white-color has-vivid-red-background-color has-text-color has-background wp-element-button\" href=\"https:\/\/shipcenter.com.ve\/ccs\/inscripcion-casillero-europa\/\" style=\"border-radius:54px;padding-top:0.9rem;padding-right:0.9rem;padding-bottom:0.9rem;padding-left:0.9rem\"> <strong>Casillero  Europa<\/strong><\/a><\/div>\n\n\n\n<div class=\"wp-block-button has-custom-width wp-block-button__width-50 has-custom-font-size has-small-font-size\"><a class=\"wp-block-button__link has-white-color has-vivid-red-background-color has-text-color has-background wp-element-button\" href=\"https:\/\/shipcenter.com.ve\/ccs\/envios-nacionales\/?preview=true\" style=\"border-radius:54px;padding-top:0.9rem;padding-right:0.9rem;padding-bottom:0.9rem;padding-left:0.9rem\">Env\u00edos nacionales<\/a><\/div>\n\n\n\n<div class=\"wp-block-button has-custom-width wp-block-button__width-50 has-custom-font-size has-small-font-size\"><a class=\"wp-block-button__link has-white-color has-vivid-red-background-color has-text-color has-background wp-element-button\" href=\"https:\/\/shipcenter.com.ve\/ccs\/envios-internacionales\/?preview=true\" style=\"border-radius:54px;padding-top:0.9rem;padding-right:0.9rem;padding-bottom:0.9rem;padding-left:0.9rem\">Env\u00edos internacionales <\/a><\/div>\n<\/div>\n<\/div><figure class=\"wp-block-media-text__media\"><img loading=\"lazy\" decoding=\"async\" width=\"1024\" height=\"576\" src=\"https:\/\/shipcenter.com.ve\/ccs\/wp-content\/uploads\/2023\/06\/Grey-Monochrome-Fashion-Blog-Banner4-1024x576.png\" alt=\"\" class=\"wp-image-104 size-large\" srcset=\"https:\/\/shipcenter.com.ve\/ccs\/wp-content\/uploads\/2023\/06\/Grey-Monochrome-Fashion-Blog-Banner4-1024x576.png 1024w, https:\/\/shipcenter.com.ve\/ccs\/wp-content\/uploads\/2023\/06\/Grey-Monochrome-Fashion-Blog-Banner4-300x169.png 300w, https:\/\/shipcenter.com.ve\/ccs\/wp-content\/uploads\/2023\/06\/Grey-Monochrome-Fashion-Blog-Banner4-768x432.png 768w, https:\/\/shipcenter.com.ve\/ccs\/wp-content\/uploads\/2023\/06\/Grey-Monochrome-Fashion-Blog-Banner4-1536x864.png 1536w, https:\/\/shipcenter.com.ve\/ccs\/wp-content\/uploads\/2023\/06\/Grey-Monochrome-Fashion-Blog-Banner4-2048x1152.png 2048w\" sizes=\"auto, (max-width: 1024px) 100vw, 1024px\" \/><\/figure><\/div>\n<\/div>\n<\/div><\/div>\n\n\n\n<div class=\"wp-block-group alignfull has-ast-global-color-5-background-color has-background is-layout-constrained wp-container-core-group-is-layout-9cedb757 wp-block-group-is-layout-constrained\" style=\"padding-bottom:0px\">\n<div class=\"wp-block-columns are-vertically-aligned-top is-layout-flex wp-container-core-columns-is-layout-00723822 wp-block-columns-is-layout-flex\">\n<div class=\"wp-block-column is-vertically-aligned-top is-layout-flow wp-container-core-column-is-layout-6b73ce23 wp-block-column-is-layout-flow\">\n<figure class=\"wp-block-image aligncenter size-full\"><img loading=\"lazy\" decoding=\"async\" width=\"128\" height=\"128\" src=\"https:\/\/shipcenter.com.ve\/ccs\/wp-content\/uploads\/2023\/05\/estados-unidos.png\" alt=\"\" class=\"wp-image-31\"\/><\/figure>\n\n\n\n<h3 class=\"wp-block-heading has-text-align-left\" style=\"margin-top:16px\">Servicio de Casillero Internacional Miami<\/h3>\n\n\n\n<p class=\"has-text-align-left\">Ofrecemos una direcci\u00f3n f\u00edsica de un almac\u00e9n en Miami para recibir mercanc\u00eda, la cual es trasladada posteriormente a la tienda ShipCenter de tu preferencia. <\/p>\n<\/div>\n\n\n\n<div class=\"wp-block-column is-vertically-aligned-top is-layout-flow wp-container-core-column-is-layout-6b73ce23 wp-block-column-is-layout-flow\">\n<figure class=\"wp-block-image aligncenter size-full\"><img loading=\"lazy\" decoding=\"async\" width=\"128\" height=\"128\" src=\"https:\/\/shipcenter.com.ve\/ccs\/wp-content\/uploads\/2023\/05\/espana1.png\" alt=\"\" class=\"wp-image-32\"\/><\/figure>\n\n\n\n<h3 class=\"wp-block-heading has-text-align-left\" style=\"margin-top:16px\">Servicio de Casillero Internacional Europa <\/h3>\n\n\n\n<p class=\"has-text-align-left\">Ofrecemos una direcci\u00f3n f\u00edsica en Madrid para recibir mercanc\u00eda, la cual es trasladada posteriormente a la tienda ShipCenter de tu preferencia y hacemos tus compras. <\/p>\n<\/div>\n\n\n\n<div class=\"wp-block-column is-vertically-aligned-top is-layout-flow wp-container-core-column-is-layout-6b73ce23 wp-block-column-is-layout-flow\">\n<figure class=\"wp-block-image aligncenter size-full\"><img loading=\"lazy\" decoding=\"async\" width=\"128\" height=\"128\" src=\"https:\/\/shipcenter.com.ve\/ccs\/wp-content\/uploads\/2023\/05\/seguro-de-entrega.png\" alt=\"\" class=\"wp-image-35\"\/><\/figure>\n\n\n\n<h3 class=\"wp-block-heading has-text-align-left\" style=\"margin-top:16px\">Aliados <\/h3>\n\n\n\n<p class=\"has-text-align-left\">Tenemos alianzas con Zoom env\u00edos, DHL y ShipXpress.<\/p>\n<\/div>\n\n\n\n<div class=\"wp-block-column is-vertically-aligned-top is-layout-flow wp-container-core-column-is-layout-6b73ce23 wp-block-column-is-layout-flow\">\n<figure class=\"wp-block-image aligncenter size-full\"><img loading=\"lazy\" decoding=\"async\" width=\"128\" height=\"128\" src=\"https:\/\/shipcenter.com.ve\/ccs\/wp-content\/uploads\/2023\/05\/impresora1.png\" alt=\"\" class=\"wp-image-34\"\/><\/figure>\n\n\n\n<h3 class=\"wp-block-heading has-text-align-left\" style=\"margin-top:16px\">Servicio en tiendas ShipCenter<\/h3>\n\n\n\n<p class=\"has-text-align-left\">Contamos con los servicios de copias, plastificaciones e impresiones en la tienda ShipCenter de tu confianza. <\/p>\n<\/div>\n<\/div>\n<\/div>\n\n\n\n<div class=\"wp-block-group alignfull is-layout-constrained wp-container-core-group-is-layout-45b0ac4f wp-block-group-is-layout-constrained\" id=\"services\" style=\"padding-top:144px;padding-bottom:0px\">\n<h2 class=\"wp-block-heading\">Env\u00edos<\/h2>\n\n\n\n<div class=\"wp-block-columns is-layout-flex wp-container-core-columns-is-layout-60cbf9bb wp-block-columns-is-layout-flex\" style=\"margin-top:50px\">\n<div class=\"wp-block-column is-layout-flow wp-container-core-column-is-layout-6b73ce23 wp-block-column-is-layout-flow\">\n<figure class=\"wp-block-image size-large\"><img loading=\"lazy\" decoding=\"async\" width=\"819\" height=\"1024\" src=\"https:\/\/shipcenter.com.ve\/ccs\/wp-content\/uploads\/2023\/05\/173-819x1024.jpg\" alt=\"\" class=\"wp-image-36\" srcset=\"https:\/\/shipcenter.com.ve\/ccs\/wp-content\/uploads\/2023\/05\/173-819x1024.jpg 819w, https:\/\/shipcenter.com.ve\/ccs\/wp-content\/uploads\/2023\/05\/173-240x300.jpg 240w, https:\/\/shipcenter.com.ve\/ccs\/wp-content\/uploads\/2023\/05\/173-768x960.jpg 768w, https:\/\/shipcenter.com.ve\/ccs\/wp-content\/uploads\/2023\/05\/173.jpg 1080w\" sizes=\"auto, (max-width: 819px) 100vw, 819px\" \/><\/figure>\n\n\n\n<h3 class=\"wp-block-heading\" style=\"margin-top:16px\">Env\u00edo A\u00e9reo <\/h3>\n\n\n\n<p>El transporte a\u00e9reo es ideal para enviar art\u00edculos peque\u00f1os como: ropa, bolsos peque\u00f1os, lentes, entre otras. <\/p>\n\n\n\n<div class=\"wp-block-buttons is-layout-flex wp-block-buttons-is-layout-flex\">\n<div class=\"wp-block-button has-custom-width wp-block-button__width-75\"><a class=\"wp-block-button__link has-ast-global-color-4-color has-vivid-red-background-color has-text-color has-background wp-element-button\" href=\"https:\/\/shipcenter.com.ve\/ccs\/tarifas-y-restricciones\/\">Tarifas y restricciones <\/a><\/div>\n<\/div>\n<\/div>\n\n\n\n<div class=\"wp-block-column is-layout-flow wp-container-core-column-is-layout-6b73ce23 wp-block-column-is-layout-flow\">\n<figure class=\"wp-block-image size-large\"><img loading=\"lazy\" decoding=\"async\" width=\"819\" height=\"1024\" src=\"https:\/\/shipcenter.com.ve\/ccs\/wp-content\/uploads\/2023\/05\/172-819x1024.jpg\" alt=\"\" class=\"wp-image-37\" srcset=\"https:\/\/shipcenter.com.ve\/ccs\/wp-content\/uploads\/2023\/05\/172-819x1024.jpg 819w, https:\/\/shipcenter.com.ve\/ccs\/wp-content\/uploads\/2023\/05\/172-240x300.jpg 240w, https:\/\/shipcenter.com.ve\/ccs\/wp-content\/uploads\/2023\/05\/172-768x960.jpg 768w, https:\/\/shipcenter.com.ve\/ccs\/wp-content\/uploads\/2023\/05\/172.jpg 1080w\" sizes=\"auto, (max-width: 819px) 100vw, 819px\" \/><\/figure>\n\n\n\n<h3 class=\"wp-block-heading\" style=\"margin-top:16px\">Env\u00edo Mar\u00edtimo <\/h3>\n\n\n\n<p>El transporte mar\u00edtimo es ideal para trasladar mercanc\u00eda pesada, la cual ser\u00e1 trasladada posteriormente a la tienda ShipCenter de tu preferencia. <\/p>\n\n\n\n<div class=\"wp-block-buttons is-layout-flex wp-block-buttons-is-layout-flex\">\n<div class=\"wp-block-button has-custom-width wp-block-button__width-75\"><a class=\"wp-block-button__link has-ast-global-color-5-color has-vivid-red-background-color has-text-color has-background wp-element-button\" href=\"https:\/\/shipcenter.com.ve\/ccs\/tarifas-y-restricciones-maritimas\/\">Tarifas y restricciones <\/a><\/div>\n<\/div>\n\n\n\n<div class=\"wp-block-buttons is-layout-flex wp-block-buttons-is-layout-flex\"><\/div>\n<\/div>\n\n\n\n<div class=\"wp-block-column is-layout-flow wp-container-core-column-is-layout-6b73ce23 wp-block-column-is-layout-flow\">\n<figure class=\"wp-block-image size-large\"><img loading=\"lazy\" decoding=\"async\" width=\"819\" height=\"1024\" src=\"https:\/\/shipcenter.com.ve\/ccs\/wp-content\/uploads\/2023\/05\/179-819x1024.jpg\" alt=\"\" class=\"wp-image-38\" srcset=\"https:\/\/shipcenter.com.ve\/ccs\/wp-content\/uploads\/2023\/05\/179-819x1024.jpg 819w, https:\/\/shipcenter.com.ve\/ccs\/wp-content\/uploads\/2023\/05\/179-240x300.jpg 240w, https:\/\/shipcenter.com.ve\/ccs\/wp-content\/uploads\/2023\/05\/179-768x960.jpg 768w, https:\/\/shipcenter.com.ve\/ccs\/wp-content\/uploads\/2023\/05\/179.jpg 1080w\" sizes=\"auto, (max-width: 819px) 100vw, 819px\" \/><\/figure>\n\n\n\n<h3 class=\"wp-block-heading\" style=\"margin-top:16px\">Servicio de Casillero Internacional <\/h3>\n\n\n\n<p>La inscripci\u00f3n del casillero internacional es totalmente gratis y es ideal para recepci\u00f3n de mercanc\u00eda en la tienda ShipCenter de confianza. <\/p>\n<\/div>\n<\/div>\n<\/div>\n\n\n\n<div class=\"wp-block-group alignfull has-ast-global-color-5-background-color has-background is-layout-constrained wp-container-core-group-is-layout-94d206d0 wp-block-group-is-layout-constrained\" id=\"about\" style=\"padding-top:143px;padding-bottom:144px\">\n<div class=\"wp-block-media-text has-media-on-the-right is-stacked-on-mobile is-vertically-aligned-center\" style=\"grid-template-columns:auto 31%\"><div class=\"wp-block-media-text__content\">\n<div class=\"inherit-container-width wp-block-group is-layout-constrained wp-container-core-group-is-layout-47ce07ec wp-block-group-is-layout-constrained\" style=\"padding-right:80px\">\n<h2 class=\"wp-block-heading has-vivid-red-color has-text-color has-large-font-size\" style=\"padding-right:40px\">Somos tus aliados  en tu emprendimiento <\/h2>\n\n\n\n<p>Convierte tus objetivos de negocio en un gran \u00e9xito con nuestro apoyo en el recorrido y esfuerzo de tu emprendimiento.<\/p>\n\n\n\n<p>Trae a trav\u00e9s del transporte mar\u00edtimo la materia prima para comercializar tus productos. <\/p>\n<\/div>\n<\/div><figure class=\"wp-block-media-text__media\"><img loading=\"lazy\" decoding=\"async\" width=\"819\" height=\"1024\" src=\"https:\/\/shipcenter.com.ve\/ccs\/wp-content\/uploads\/2023\/07\/Hola4-819x1024.png\" alt=\"\" class=\"wp-image-148 size-full\" srcset=\"https:\/\/shipcenter.com.ve\/ccs\/wp-content\/uploads\/2023\/07\/Hola4-819x1024.png 819w, https:\/\/shipcenter.com.ve\/ccs\/wp-content\/uploads\/2023\/07\/Hola4-240x300.png 240w, https:\/\/shipcenter.com.ve\/ccs\/wp-content\/uploads\/2023\/07\/Hola4-768x960.png 768w, https:\/\/shipcenter.com.ve\/ccs\/wp-content\/uploads\/2023\/07\/Hola4.png 1080w\" sizes=\"auto, (max-width: 819px) 100vw, 819px\" \/><\/figure><\/div>\n\n\n\n<div class=\"wp-block-media-text is-stacked-on-mobile is-vertically-aligned-center is-image-fill\" style=\"grid-template-columns:41% auto\"><figure class=\"wp-block-media-text__media\" style=\"background-image:url(https:\/\/shipcenter.com.ve\/ccs\/wp-content\/uploads\/2023\/05\/Hola3-819x1024.png);background-position:46% 99%\"><img loading=\"lazy\" decoding=\"async\" width=\"819\" height=\"1024\" src=\"https:\/\/shipcenter.com.ve\/ccs\/wp-content\/uploads\/2023\/05\/Hola3-819x1024.png\" alt=\"\" class=\"wp-image-95 size-full\" srcset=\"https:\/\/shipcenter.com.ve\/ccs\/wp-content\/uploads\/2023\/05\/Hola3-819x1024.png 819w, https:\/\/shipcenter.com.ve\/ccs\/wp-content\/uploads\/2023\/05\/Hola3-240x300.png 240w, https:\/\/shipcenter.com.ve\/ccs\/wp-content\/uploads\/2023\/05\/Hola3-768x960.png 768w, https:\/\/shipcenter.com.ve\/ccs\/wp-content\/uploads\/2023\/05\/Hola3.png 1080w\" sizes=\"auto, (max-width: 819px) 100vw, 819px\" \/><\/figure><div class=\"wp-block-media-text__content\">\n<div class=\"inherit-container-width wp-block-group is-layout-constrained wp-container-core-group-is-layout-47ce07ec wp-block-group-is-layout-constrained\" style=\"padding-right:80px\">\n<h2 class=\"wp-block-heading has-vivid-red-color has-text-color has-large-font-size\" style=\"padding-right:40px\">Tus seres queridos reciben paquetes de ShipCenter<\/h2>\n\n\n\n<p>A\u00fan en la distancia hacemos llegar tus compras online para tus seres queridos. <\/p>\n\n\n\n<p>Env\u00edale eso que tanto necesitan tus familiares, ropa, electrodom\u00e9sticos, delicateses, etc. <\/p>\n<\/div>\n<\/div><\/div>\n<\/div>\n\n\n\n<div class=\"wp-block-group alignfull has-ast-global-color-4-background-color has-background is-layout-constrained wp-container-core-group-is-layout-6a2cfb7b wp-block-group-is-layout-constrained\" id=\"reviews\">\n<figure class=\"wp-block-image aligncenter size-full is-resized\"><img loading=\"lazy\" decoding=\"async\" width=\"500\" height=\"500\" src=\"https:\/\/shipcenter.com.ve\/ccs\/wp-content\/uploads\/2023\/05\/White-Simple-Letter-M-Logo1-1.png\" alt=\"\" class=\"wp-image-39\" srcset=\"https:\/\/shipcenter.com.ve\/ccs\/wp-content\/uploads\/2023\/05\/White-Simple-Letter-M-Logo1-1.png 500w, https:\/\/shipcenter.com.ve\/ccs\/wp-content\/uploads\/2023\/05\/White-Simple-Letter-M-Logo1-1-300x300.png 300w, https:\/\/shipcenter.com.ve\/ccs\/wp-content\/uploads\/2023\/05\/White-Simple-Letter-M-Logo1-1-150x150.png 150w\" sizes=\"auto, (max-width: 500px) 100vw, 500px\" \/><\/figure>\n\n\n\n<p class=\"has-text-align-center has-ast-global-color-5-color has-vivid-red-background-color has-text-color has-background\" style=\"font-size:22px;line-height:1.6\">Somos tus aliados en el proceso completo desde que la mercanc\u00eda es recibida en el almac\u00e9n, hasta la entrega en tus manos a trav\u00e9s de la tienda ShipCenter de tu confianza.<\/p>\n<\/div>\n\n\n\n<div class=\"wp-block-buttons is-content-justification-center is-layout-flex wp-container-core-buttons-is-layout-a89b3969 wp-block-buttons-is-layout-flex\">\n<div class=\"wp-block-button\"><a class=\"wp-block-button__link has-ast-global-color-4-color has-vivid-red-background-color has-text-color has-background wp-element-button\" href=\"https:\/\/www.instagram.com\/reel\/CrvpzirBQwp\/?utm_source=ig_web_copy_link&amp;igshid=MzRlODBiNWFlZA==\">Instagram <\/a><\/div>\n\n\n\n<div class=\"wp-block-button\"><a class=\"wp-block-button__link has-ast-global-color-4-color has-vivid-red-background-color has-text-color has-background wp-element-button\" href=\"https:\/\/twitter.com\/ShipCenterve?s=20\">Twitter <\/a><\/div>\n\n\n\n<div class=\"wp-block-button\"><a class=\"wp-block-button__link has-ast-global-color-4-color has-vivid-red-background-color has-text-color has-background wp-element-button\" href=\"https:\/\/www.tiktok.com\/@shipcenter\">Tiktok<\/a><\/div>\n<\/div>\n","protected":false},"excerpt":{"rendered":"<p>Servicio de Casillero Internacional Miami Ofrecemos una direcci\u00f3n f\u00edsica de un almac\u00e9n en Miami para recibir mercanc\u00eda, la cual es trasladada posteriormente a la tienda ShipCenter de tu preferencia. Servicio de Casillero Internacional Europa Ofrecemos una direcci\u00f3n f\u00edsica en Madrid para recibir mercanc\u00eda, la cual es trasladada posteriormente a la tienda ShipCenter de tu preferencia &hellip;<\/p>\n<p class=\"read-more\"> <a class=\"\" href=\"https:\/\/shipcenter.com.ve\/ccs\/\"> <span class=\"screen-reader-text\">Inicio<\/span> Leer m\u00e1s &raquo;<\/a><\/p>\n","protected":false},"author":1,"featured_media":0,"parent":0,"menu_order":0,"comment_status":"closed","ping_status":"closed","template":"","meta":{"site-sidebar-layout":"no-sidebar","site-content-layout":"plain-container","ast-global-header-display":"","ast-banner-title-visibility":"","ast-main-header-display":"","ast-hfb-above-header-display":"","ast-hfb-below-header-display":"","ast-hfb-mobile-header-display":"","site-post-title":"disabled","ast-breadcrumbs-content":"","ast-featured-img":"","footer-sml-layout":"","theme-transparent-header-meta":"enabled","adv-header-id-meta":"","stick-header-meta":"","header-above-stick-meta":"","header-main-stick-meta":"","header-below-stick-meta":"","footnotes":""},"class_list":["post-9","page","type-page","status-publish","hentry"],"_links":{"self":[{"href":"https:\/\/shipcenter.com.ve\/ccs\/wp-json\/wp\/v2\/pages\/9","targetHints":{"allow":["GET"]}}],"collection":[{"href":"https:\/\/shipcenter.com.ve\/ccs\/wp-json\/wp\/v2\/pages"}],"about":[{"href":"https:\/\/shipcenter.com.ve\/ccs\/wp-json\/wp\/v2\/types\/page"}],"author":[{"embeddable":true,"href":"https:\/\/shipcenter.com.ve\/ccs\/wp-json\/wp\/v2\/users\/1"}],"replies":[{"embeddable":true,"href":"https:\/\/shipcenter.com.ve\/ccs\/wp-json\/wp\/v2\/comments?post=9"}],"version-history":[{"count":49,"href":"https:\/\/shipcenter.com.ve\/ccs\/wp-json\/wp\/v2\/pages\/9\/revisions"}],"predecessor-version":[{"id":255,"href":"https:\/\/shipcenter.com.ve\/ccs\/wp-json\/wp\/v2\/pages\/9\/revisions\/255"}],"wp:attachment":[{"href":"https:\/\/shipcenter.com.ve\/ccs\/wp-json\/wp\/v2\/media?parent=9"}],"curies":[{"name":"wp","href":"https:\/\/api.w.org\/{rel}","templated":true}]}}