{"id":156,"date":"2023-07-10T03:59:46","date_gmt":"2023-07-10T03:59:46","guid":{"rendered":"https:\/\/shipcenter.com.ve\/ccs\/?page_id=156"},"modified":"2023-07-10T04:44:44","modified_gmt":"2023-07-10T04:44:44","slug":"envios-nacionales","status":"publish","type":"page","link":"https:\/\/shipcenter.com.ve\/ccs\/envios-nacionales\/","title":{"rendered":"Env\u00edos nacionales"},"content":{"rendered":"\n<p class=\"has-text-align-center has-ast-global-color-5-color has-vivid-red-background-color has-text-color has-background has-large-font-size\"><strong>Env\u00edos nacionales <\/strong><\/p>\n\n\n\n<p>Somos aliados ZOOM para la realizaci\u00f3n de env\u00edos nacionales. <\/p>\n\n\n\n<p>ZOOM ofrece soluciones y alternativas de calidad con un servicio de primera para el traslado de tus env\u00edos a todo el pa\u00eds con los mejores precios.<br>Moviliza tu encomienda con la excelente relaci\u00f3n precio-valor que te brinda ZOOM Env\u00edos Nacionales, un servicio con entregas confiables y protegidas, 290 oficinas de atenci\u00f3n al cliente en Venezuela, m\u00e1s de 200 destinos y los precios m\u00e1s competitivos del mercado.<\/p>\n\n\n\n<p><br>Ten en cuenta que el peso ya no es un problema, porque ahora con ZOOM, para tus env\u00edos con mayor peso, obtienes menores precios por cada medio kilo. Y por si fuera poco, con entregas desde 24 horas.<\/p>\n","protected":false},"excerpt":{"rendered":"<p>Env\u00edos nacionales Somos aliados ZOOM para la realizaci\u00f3n de env\u00edos nacionales. ZOOM ofrece soluciones y alternativas de calidad con un servicio de primera para el traslado de tus env\u00edos a todo el pa\u00eds con los mejores precios.Moviliza tu encomienda con la excelente relaci\u00f3n precio-valor que te brinda ZOOM Env\u00edos Nacionales, un servicio con entregas confiables &hellip;<\/p>\n<p class=\"read-more\"> <a class=\"\" href=\"https:\/\/shipcenter.com.ve\/ccs\/envios-nacionales\/\"> <span class=\"screen-reader-text\">Env\u00edos nacionales<\/span> Leer m\u00e1s &raquo;<\/a><\/p>\n","protected":false},"author":1,"featured_media":0,"parent":0,"menu_order":0,"comment_status":"closed","ping_status":"closed","template":"","meta":{"site-sidebar-layout":"default","site-content-layout":"default","ast-global-header-display":"","ast-banner-title-visibility":"","ast-main-header-display":"","ast-hfb-above-header-display":"","ast-hfb-below-header-display":"","ast-hfb-mobile-header-display":"","site-post-title":"disabled","ast-breadcrumbs-content":"","ast-featured-img":"","footer-sml-layout":"","theme-transparent-header-meta":"","adv-header-id-meta":"","stick-header-meta":"","header-above-stick-meta":"","header-main-stick-meta":"","header-below-stick-meta":"","footnotes":""},"class_list":["post-156","page","type-page","status-publish","hentry"],"_links":{"self":[{"href":"https:\/\/shipcenter.com.ve\/ccs\/wp-json\/wp\/v2\/pages\/156","targetHints":{"allow":["GET"]}}],"collection":[{"href":"https:\/\/shipcenter.com.ve\/ccs\/wp-json\/wp\/v2\/pages"}],"about":[{"href":"https:\/\/shipcenter.com.ve\/ccs\/wp-json\/wp\/v2\/types\/page"}],"author":[{"embeddable":true,"href":"https:\/\/shipcenter.com.ve\/ccs\/wp-json\/wp\/v2\/users\/1"}],"replies":[{"embeddable":true,"href":"https:\/\/shipcenter.com.ve\/ccs\/wp-json\/wp\/v2\/comments?post=156"}],"version-history":[{"count":3,"href":"https:\/\/shipcenter.com.ve\/ccs\/wp-json\/wp\/v2\/pages\/156\/revisions"}],"predecessor-version":[{"id":174,"href":"https:\/\/shipcenter.com.ve\/ccs\/wp-json\/wp\/v2\/pages\/156\/revisions\/174"}],"wp:attachment":[{"href":"https:\/\/shipcenter.com.ve\/ccs\/wp-json\/wp\/v2\/media?parent=156"}],"curies":[{"name":"wp","href":"https:\/\/api.w.org\/{rel}","templated":true}]}}