{"id":120,"date":"2023-06-19T03:50:35","date_gmt":"2023-06-19T03:50:35","guid":{"rendered":"https:\/\/shipcenter.com.ve\/ccs\/?page_id=120"},"modified":"2024-06-05T20:25:01","modified_gmt":"2024-06-05T20:25:01","slug":"tarifas-y-restricciones","status":"publish","type":"page","link":"https:\/\/shipcenter.com.ve\/ccs\/tarifas-y-restricciones\/","title":{"rendered":"Tarifas A\u00e9reas"},"content":{"rendered":"\n<p class=\"has-vivid-red-color has-text-color has-medium-font-size\"><strong>Casillero internacional Europa:<\/strong><\/p>\n\n\n\n<p class=\"has-ast-global-color-3-color has-text-color\">Tarifa A\u00e9rea: 19 \u20ac por kilo o fracci\u00f3n (peso volum).<\/p>\n\n\n\n<p class=\"has-vivid-red-color has-text-color\"><strong>Casillero internacional Miami:<\/strong><\/p>\n\n\n\n<p>El costo actual es: 6.3 d\u00f3lares x cada medio kilo, mas 1 d\u00f3lar de seguro por paquete si el valor es<br>\\menor o igual a $100; 1% del valor en caso contrario.<br>El costo por sobre de documento es $2,50<\/p>\n\n\n\n<p class=\"has-ast-global-color-3-color has-text-color\">Toda mercanc\u00eda cuya factura sea por un monto igual o superior a los 100 USD, es considerada de<br>Alto Valor y genera gastos adicionales en el proceso de nacionalizaci\u00f3n, los cuales deben ser<br>cancelados al momento de recibirse la mercanc\u00eda en nuestras oficinas.<br>En el caso de los altos valores es precio del seguro es 1% del valor declarado.<\/p>\n","protected":false},"excerpt":{"rendered":"<p>Casillero internacional Europa: Tarifa A\u00e9rea: 19 \u20ac por kilo o fracci\u00f3n (peso volum). Casillero internacional Miami: El costo actual es: 6.3 d\u00f3lares x cada medio kilo, mas 1 d\u00f3lar de seguro por paquete si el valor es\\menor o igual a $100; 1% del valor en caso contrario.El costo por sobre de documento es $2,50 Toda &hellip;<\/p>\n<p class=\"read-more\"> <a class=\"\" href=\"https:\/\/shipcenter.com.ve\/ccs\/tarifas-y-restricciones\/\"> <span class=\"screen-reader-text\">Tarifas A\u00e9reas<\/span> Leer m\u00e1s &raquo;<\/a><\/p>\n","protected":false},"author":1,"featured_media":0,"parent":0,"menu_order":0,"comment_status":"closed","ping_status":"closed","template":"","meta":{"site-sidebar-layout":"default","site-content-layout":"default","ast-global-header-display":"","ast-banner-title-visibility":"","ast-main-header-display":"","ast-hfb-above-header-display":"","ast-hfb-below-header-display":"","ast-hfb-mobile-header-display":"","site-post-title":"","ast-breadcrumbs-content":"","ast-featured-img":"","footer-sml-layout":"","theme-transparent-header-meta":"","adv-header-id-meta":"","stick-header-meta":"","header-above-stick-meta":"","header-main-stick-meta":"","header-below-stick-meta":"","footnotes":""},"class_list":["post-120","page","type-page","status-publish","hentry"],"_links":{"self":[{"href":"https:\/\/shipcenter.com.ve\/ccs\/wp-json\/wp\/v2\/pages\/120","targetHints":{"allow":["GET"]}}],"collection":[{"href":"https:\/\/shipcenter.com.ve\/ccs\/wp-json\/wp\/v2\/pages"}],"about":[{"href":"https:\/\/shipcenter.com.ve\/ccs\/wp-json\/wp\/v2\/types\/page"}],"author":[{"embeddable":true,"href":"https:\/\/shipcenter.com.ve\/ccs\/wp-json\/wp\/v2\/users\/1"}],"replies":[{"embeddable":true,"href":"https:\/\/shipcenter.com.ve\/ccs\/wp-json\/wp\/v2\/comments?post=120"}],"version-history":[{"count":9,"href":"https:\/\/shipcenter.com.ve\/ccs\/wp-json\/wp\/v2\/pages\/120\/revisions"}],"predecessor-version":[{"id":259,"href":"https:\/\/shipcenter.com.ve\/ccs\/wp-json\/wp\/v2\/pages\/120\/revisions\/259"}],"wp:attachment":[{"href":"https:\/\/shipcenter.com.ve\/ccs\/wp-json\/wp\/v2\/media?parent=120"}],"curies":[{"name":"wp","href":"https:\/\/api.w.org\/{rel}","templated":true}]}}